{"id":77,"date":"2025-02-13T15:51:41","date_gmt":"2025-02-13T18:51:41","guid":{"rendered":"https:\/\/rayitosolaz.cl\/?page_id=77"},"modified":"2025-02-15T18:20:28","modified_gmt":"2025-02-15T21:20:28","slug":"nosotros-2","status":"publish","type":"page","link":"https:\/\/rayitosolaz.cl\/?page_id=77","title":{"rendered":"Nosotros"},"content":{"rendered":"\n<section id=\"g-1r5j5lt\" class=\"wp-block-gutentor-m9 section-g-1r5j5lt gutentor-module gutentor-module-form-wrapper\"><div class=\"grid-container\"><div>\n    <h2 style=\"color: #ff6204;\">MI RAYITO DE SOLAZ<\/h2>\n<div style=\"display: flex; align-items: center;\">\n  <img decoding=\"async\" src=\"https:\/\/rayitosolaz.cl\/wp-content\/uploads\/2025\/02\/calendario-300x300-1.webp\" alt=\"calendario\" width=\"100\">\n  <p style=\"margin-left: 10px;\">La Escuela Especial Transitoria de Lenguaje &#8220;Mi Rayito de Solaz&#8221;, abre sus puertas e inicia labores acad\u00e9micas el d\u00eda 05 de marzo del 2008<\/p>\n<\/div>\n<div style=\"display: flex; align-items: center;\">\n  <img decoding=\"async\" src=\"https:\/\/rayitosolaz.cl\/wp-content\/uploads\/2025\/02\/gps-300x129-1.webp\" alt=\"direccion\" width=\"100\">\n  <p style=\"margin-left: 10px;\">Nuestro Establecimiento educacional se encuentra ubicado en Avenida Santa Rosa de Molle #3960, en la Comuna de Alto Hospicio.<\/p>\n<\/div>\n<div style=\"display: flex; align-items: center;\">\n  <img decoding=\"async\" src=\"https:\/\/rayitosolaz.cl\/wp-content\/uploads\/2025\/02\/granja.webp\" alt=\"granja\" width=\"100\">\n  <p style=\"margin-left: 10px;\">Contamos con una granja educativa que permite a ni\u00f1os y ni\u00f1as un aprendizaje vivencial, incluyendo el respeto y amor por todos los seres vivos.<\/p>\n<\/div>\n<div style=\"display: flex; align-items: center;\">\n  <img decoding=\"async\" src=\"https:\/\/rayitosolaz.cl\/wp-content\/uploads\/2025\/02\/infraestructura.webp\" alt=\"infraestructura\" width=\"100\">\n  <p style=\"margin-left: 10px;\">Contamos con una infraestructura s\u00f3lida y material educativo, con una capacidad para 300 ni\u00f1os y ni\u00f1as<\/p>\n<\/div>\n<div style=\"display: flex; align-items: center;\">\n  <img decoding=\"async\" src=\"https:\/\/rayitosolaz.cl\/wp-content\/uploads\/2025\/02\/ninos.webp\" alt=\"Descripci\u00f3n de la imagen\" width=\"100\">\n  <p style=\"margin-left: 10px;\">La existencia de ni\u00f1os entre tres y seis a\u00f1os que presentan TEL (trastorno del lenguaje), de los cu\u00e1les un 90% no pueden acceder a la atenci\u00f3n Fonoaudiol\u00f3gica particular, se crea nuestro establecimiento, el que es Subvencionado por el Ministerio de Edicaci\u00f3n, y cuenta con la infraestructura e implementaci\u00f3n requerida por el MINEDUC, as\u00ed como en el presonal docente, fonoaudi\u00f3logas, t\u00e9cnicos de sala, auxiliares de servicios y administrativos.<\/p>\n<\/div>\n<\/div><\/div><\/section>\n","protected":false},"excerpt":{"rendered":"","protected":false},"author":1,"featured_media":0,"parent":0,"menu_order":0,"comment_status":"closed","ping_status":"closed","template":"","meta":{"footnotes":""},"class_list":["post-77","page","type-page","status-publish","hentry"],"_links":{"self":[{"href":"https:\/\/rayitosolaz.cl\/index.php?rest_route=\/wp\/v2\/pages\/77","targetHints":{"allow":["GET"]}}],"collection":[{"href":"https:\/\/rayitosolaz.cl\/index.php?rest_route=\/wp\/v2\/pages"}],"about":[{"href":"https:\/\/rayitosolaz.cl\/index.php?rest_route=\/wp\/v2\/types\/page"}],"author":[{"embeddable":true,"href":"https:\/\/rayitosolaz.cl\/index.php?rest_route=\/wp\/v2\/users\/1"}],"replies":[{"embeddable":true,"href":"https:\/\/rayitosolaz.cl\/index.php?rest_route=%2Fwp%2Fv2%2Fcomments&post=77"}],"version-history":[{"count":12,"href":"https:\/\/rayitosolaz.cl\/index.php?rest_route=\/wp\/v2\/pages\/77\/revisions"}],"predecessor-version":[{"id":278,"href":"https:\/\/rayitosolaz.cl\/index.php?rest_route=\/wp\/v2\/pages\/77\/revisions\/278"}],"wp:attachment":[{"href":"https:\/\/rayitosolaz.cl\/index.php?rest_route=%2Fwp%2Fv2%2Fmedia&parent=77"}],"curies":[{"name":"wp","href":"https:\/\/api.w.org\/{rel}","templated":true}]}}