{"id":75,"date":"2025-02-13T15:51:29","date_gmt":"2025-02-13T18:51:29","guid":{"rendered":"https:\/\/rayitosolaz.cl\/?page_id=75"},"modified":"2025-02-15T17:53:09","modified_gmt":"2025-02-15T20:53:09","slug":"mision-y-vision","status":"publish","type":"page","link":"https:\/\/rayitosolaz.cl\/?page_id=75","title":{"rendered":"Misi\u00f3n y Visi\u00f3n"},"content":{"rendered":"\n<section id=\"g-ycydfnc\" class=\"wp-block-gutentor-m9 section-g-ycydfnc gutentor-module gutentor-module-form-wrapper\"><div class=\"grid-container\"><div class=\"contenedor-texto-imagen\">\n\n  <div class=\"fila\">\n    <div class=\"columna-texto\">\n      <h2 style=\"color: #ff6204;\">MISI\u00d3N INSTITUCIONAL<\/h2>\n      <p>Promoverun desarrollo integral en todos los p\u00e1rvulos con necesidades transitorias del lenguaje, formando en aspectos val\u00f3ricos, afectivos, reflexivo, cr\u00edtico, cognitivo y habilidades leng\u00fcisticas en un contexto de calidad educativa, destacando el rol de la familia para lograr un aprendizaje significativo, pertinente a la realidad territorial del p\u00e1rvulo y responder a la sociedad de acuerdo con los principios \u00e9ticos y morales, que orienten a un proyecto de vida con autonom\u00eda y responsabilidad<\/p>\n   <\/div>\n    <div class=\"columna-imagen\">\n      <img decoding=\"async\" src=\"https:\/\/rayitosolaz.cl\/wp-content\/uploads\/2025\/02\/Mision-284x300-1.jpeg\" alt=\"Mision\">\n    <\/div>\n  <\/div>\n\n  <div class=\"fila\">\n    <div class=\"columna-imagen\">\n      <img decoding=\"async\" src=\"https:\/\/rayitosolaz.cl\/wp-content\/uploads\/2025\/02\/Vision.png\" alt=\"Vision\">\n    <\/div>\n    <div class=\"columna-texto\">\n      <h2 style=\"color: #ff6204;\">Visi\u00f3n Institucional<\/h2>\n<p>Entregar una formaci\u00f3n integral sustentada en valores y proncipios pedag\u00f3gicos, equidad, inclusi\u00f3n e igualdad de oportunidades en un ambiente afectivo y seguro.  Brindadno a cda p\u00e1rvulo una educaci\u00f3n integral de calidad vinculada a la educaci\u00f3n ambiental, habitos de vida sana y saludable a trav\u00e9s de una metodolog\u00eda participativa, constructivista e innovadora que contribuya a superar el trastorno espesc\u00edfico transitorio del lenguaje, garantizando la inserci\u00f3n a la educaci\u00f3n regular con todas las competencias, habilidades cognitivas y sociales correspondientes para enfrentar una sociedad en constante cambio, con el apoyo responsable de la familia.<\/p>\n    <\/div>\n  <\/div>\n\n<\/div><\/div><\/section>\n","protected":false},"excerpt":{"rendered":"","protected":false},"author":1,"featured_media":0,"parent":0,"menu_order":0,"comment_status":"closed","ping_status":"closed","template":"","meta":{"footnotes":""},"class_list":["post-75","page","type-page","status-publish","hentry"],"_links":{"self":[{"href":"https:\/\/rayitosolaz.cl\/index.php?rest_route=\/wp\/v2\/pages\/75","targetHints":{"allow":["GET"]}}],"collection":[{"href":"https:\/\/rayitosolaz.cl\/index.php?rest_route=\/wp\/v2\/pages"}],"about":[{"href":"https:\/\/rayitosolaz.cl\/index.php?rest_route=\/wp\/v2\/types\/page"}],"author":[{"embeddable":true,"href":"https:\/\/rayitosolaz.cl\/index.php?rest_route=\/wp\/v2\/users\/1"}],"replies":[{"embeddable":true,"href":"https:\/\/rayitosolaz.cl\/index.php?rest_route=%2Fwp%2Fv2%2Fcomments&post=75"}],"version-history":[{"count":6,"href":"https:\/\/rayitosolaz.cl\/index.php?rest_route=\/wp\/v2\/pages\/75\/revisions"}],"predecessor-version":[{"id":256,"href":"https:\/\/rayitosolaz.cl\/index.php?rest_route=\/wp\/v2\/pages\/75\/revisions\/256"}],"wp:attachment":[{"href":"https:\/\/rayitosolaz.cl\/index.php?rest_route=%2Fwp%2Fv2%2Fmedia&parent=75"}],"curies":[{"name":"wp","href":"https:\/\/api.w.org\/{rel}","templated":true}]}}