{"id":62,"date":"2025-02-13T15:49:09","date_gmt":"2025-02-13T18:49:09","guid":{"rendered":"https:\/\/rayitosolaz.cl\/?page_id=62"},"modified":"2025-02-13T18:44:31","modified_gmt":"2025-02-13T21:44:31","slug":"granja-educativa","status":"publish","type":"page","link":"https:\/\/rayitosolaz.cl\/?page_id=62","title":{"rendered":"Granja Educativa"},"content":{"rendered":"\n<section id=\"g-116hv6q\" class=\"wp-block-gutentor-m9 section-g-116hv6q gutentor-module gutentor-module-form-wrapper\"><div class=\"grid-container\"><div>\n\n  <h2 style=\"color: #ff6204;\">GRANJA EDUCATIVA<\/h2>\n  <p style=\"text-align: justify;\">La granja interactiva &#8220;Mi Rayito de Solaz&#8221; es la representatividad del Proyecto Educativo Institucional, la cual permite que cada ni\u00f1o y ni\u00f1a aprenda significativamente, integrando los cuatro pilares dle saber.<\/p>\n\n  <p style=\"font-size: 14px; color: #ff6204; text-align: justify;\"><strong>SER &#8211; HACER &#8211; CONOCER &#8211; CONVIVIR<\/strong><\/p>\n  <p style=\"text-align: justify;\">La granja interactiva est\u00e1 ubicado dentro de la escuela, siendo un pulm\u00f3n verde para nuestra comunidad educativa y para la comunidad. Este rinc\u00f3n de aprendizaje vivo permite que nuestros peque\u00f1os estudiantes conozcan el proceso del crecimiento de los distintos animales, aves y arboles frutales. Pueden conocer como son, qu\u00e9 comen, qu\u00e9 sonido emiten, d\u00f3nde viven, como cuidarlos y los diferentes tipos de riesgo.<\/p>\n  <p style=\"text-align: justify;\">En conclusi\u00f3n, nuestra granja permite desarrollar experiencias de aprendizaje de los diferentes n\u00facleos y niveles de lenguaje, para afianzar los conocimientos, desarrollar un conciencia ambiental y habilidades cient\u00edficas como explorar, indagar e interactuar con los animales.<\/p>\n  <br>\n  <div style=\"display: flex; justify-content: space-between; align-items: center;\">\n    <img decoding=\"async\" src=\"https:\/\/rayitosolaz.cl\/wp-content\/uploads\/2025\/02\/veterinario-chico2.webp\" alt=\"VET\" style=\"width: 100px; height: 100px;\">\n    <p style=\"text-align: justify; margin: 0; width: calc(100% - 220px);\">Los animales de la granja interactiva reciben peri\u00f3dicamente la visita del veterinario y el <strong>SAG<\/strong> (Servicio Agr\u00edcola y Ganadero) realiza el control de la plaga de la mosca azul en todos nuestros \u00e1rboles frutales.<\/p>\n    <img decoding=\"async\" src=\"https:\/\/rayitosolaz.cl\/wp-content\/uploads\/2025\/02\/sag2.png\" alt=\"SAG\" style=\"width: 100px; height: 100px;\">\n  <\/div>\n  <br>\n  <div style=\"display: flex; flex-direction: column;\">\n    <p style=\"text-align: justify;\">Diferentes escuelas de lenguaje y de educaci\u00f3n b\u00e1sica han realizado visitas guiadas a nuestra granja. Si eres docente o directivo de alguna escuela y quieres que tus alumnos vivan esta experiencia, puedes llenar el siguiente formulario y nos contactaremos contigo.<\/p>\n    <div style=\"display: flex;\">\n      <div style=\"width: 50%;\">\n        <div class=\"wpforms-container wpforms-container-full wpforms-render-modern\" id=\"wpforms-148\"><form id=\"wpforms-form-148\" class=\"wpforms-validate wpforms-form wpforms-ajax-form\" data-formid=\"148\" method=\"post\" enctype=\"multipart\/form-data\" action=\"\/index.php?rest_route=%2Fwp%2Fv2%2Fpages%2F62\" data-token=\"7421db2a99a414bbf2eeadd320a5c389\" data-token-time=\"1775394731\"><noscript class=\"wpforms-error-noscript\">Por favor, activa JavaScript en tu navegador para completar este formulario.<\/noscript><div class=\"wpforms-hidden\" id=\"wpforms-error-noscript\">Por favor, activa JavaScript en tu navegador para completar este formulario.<\/div><div class=\"wpforms-field-container\"><div id=\"wpforms-148-field_1-container\" class=\"wpforms-field wpforms-field-name\" data-field-id=\"1\"><label class=\"wpforms-field-label\" for=\"wpforms-148-field_1\">Nombre <span class=\"wpforms-required-label\" aria-hidden=\"true\">*<\/span><\/label><input type=\"text\" id=\"wpforms-148-field_1\" class=\"wpforms-field-medium wpforms-field-required\" name=\"wpforms[fields][1]\" aria-errormessage=\"wpforms-148-field_1-error\" required><\/div><div id=\"wpforms-148-field_4-container\" class=\"wpforms-field wpforms-field-text\" data-field-id=\"4\"><label class=\"wpforms-field-label\" for=\"wpforms-148-field_4\">Nombre del Establecimiento <span class=\"wpforms-required-label\" aria-hidden=\"true\">*<\/span><\/label><input type=\"text\" id=\"wpforms-148-field_4\" class=\"wpforms-field-medium wpforms-field-required\" name=\"wpforms[fields][4]\" aria-errormessage=\"wpforms-148-field_4-error\" required><\/div><div id=\"wpforms-148-field_2-container\" class=\"wpforms-field wpforms-field-email\" data-field-id=\"2\"><label class=\"wpforms-field-label\" for=\"wpforms-148-field_2\">Correo electr\u00f3nico <span class=\"wpforms-required-label\" aria-hidden=\"true\">*<\/span><\/label><input type=\"email\" id=\"wpforms-148-field_2\" class=\"wpforms-field-medium wpforms-field-required\" name=\"wpforms[fields][2]\" spellcheck=\"false\" aria-errormessage=\"wpforms-148-field_2-error\" required><\/div><div id=\"wpforms-148-field_3-container\" class=\"wpforms-field wpforms-field-textarea\" data-field-id=\"3\"><label class=\"wpforms-field-label\" for=\"wpforms-148-field_3\">Comentario o mensaje<\/label><textarea id=\"wpforms-148-field_3\" class=\"wpforms-field-medium\" name=\"wpforms[fields][3]\" aria-errormessage=\"wpforms-148-field_3-error\" ><\/textarea><\/div><\/div><!-- .wpforms-field-container --><div class=\"wpforms-submit-container\" ><input type=\"hidden\" name=\"wpforms[id]\" value=\"148\"><input type=\"hidden\" name=\"page_title\" value=\"\"><input type=\"hidden\" name=\"page_url\" value=\"https:\/\/rayitosolaz.cl\/index.php?rest_route=\/wp\/v2\/pages\/62\"><input type=\"hidden\" name=\"url_referer\" value=\"\"><button type=\"submit\" name=\"wpforms[submit]\" id=\"wpforms-submit-148\" class=\"wpforms-submit\" data-alt-text=\"Enviando...\" data-submit-text=\"Enviar\" aria-live=\"assertive\" value=\"wpforms-submit\">Enviar<\/button><img loading=\"lazy\" decoding=\"async\" src=\"https:\/\/rayitosolaz.cl\/wp-content\/plugins\/wpforms-lite\/assets\/images\/submit-spin.svg\" class=\"wpforms-submit-spinner\" style=\"display: none;\" width=\"26\" height=\"26\" alt=\"Cargando\"><\/div><\/form><\/div>  <!-- .wpforms-container -->\n      <\/div>\n      <div style=\"width: 50%; display: flex; justify-content: center; align-items: center;\">\n        <img decoding=\"async\" src=\"https:\/\/rayitosolaz.cl\/wp-content\/uploads\/2025\/02\/yami.png\" alt=\"Llama\" style=\"width: 200px; height: 200px;\">\n      <\/div>\n    <\/div>\n  <\/div>\n\n<\/div><\/div><\/section>\n","protected":false},"excerpt":{"rendered":"","protected":false},"author":1,"featured_media":0,"parent":0,"menu_order":0,"comment_status":"closed","ping_status":"closed","template":"","meta":{"footnotes":""},"class_list":["post-62","page","type-page","status-publish","hentry"],"_links":{"self":[{"href":"https:\/\/rayitosolaz.cl\/index.php?rest_route=\/wp\/v2\/pages\/62","targetHints":{"allow":["GET"]}}],"collection":[{"href":"https:\/\/rayitosolaz.cl\/index.php?rest_route=\/wp\/v2\/pages"}],"about":[{"href":"https:\/\/rayitosolaz.cl\/index.php?rest_route=\/wp\/v2\/types\/page"}],"author":[{"embeddable":true,"href":"https:\/\/rayitosolaz.cl\/index.php?rest_route=\/wp\/v2\/users\/1"}],"replies":[{"embeddable":true,"href":"https:\/\/rayitosolaz.cl\/index.php?rest_route=%2Fwp%2Fv2%2Fcomments&post=62"}],"version-history":[{"count":31,"href":"https:\/\/rayitosolaz.cl\/index.php?rest_route=\/wp\/v2\/pages\/62\/revisions"}],"predecessor-version":[{"id":169,"href":"https:\/\/rayitosolaz.cl\/index.php?rest_route=\/wp\/v2\/pages\/62\/revisions\/169"}],"wp:attachment":[{"href":"https:\/\/rayitosolaz.cl\/index.php?rest_route=%2Fwp%2Fv2%2Fmedia&parent=62"}],"curies":[{"name":"wp","href":"https:\/\/api.w.org\/{rel}","templated":true}]}}